e 4 - 2/(4/(-34)). Let w be (126/(-4))/(1/(-6)). What is the greatest common factor of w and v?
21
Suppose l = -2 + 24. What is the highest common divisor of 154 and l?
22
Let d be (2 + 26)/(2/5). What is the greatest common divisor of 28 and d?
14
Let g be 74/4*(-26)/(-13). Let z(r) = 12*r + 1. Let w be z(1). Suppose -w - g = -o. Calculate the greatest common divisor of o and 20.
10
Let j be 6/(-27) - 86/18. Let k(x) = -x. Let b be k(j). Calculate the greatest common factor of 40 and b.
5
Let b be (84/5)/((-5)/100). Let h = -72 - b. Calculate the greatest common factor of 24 and h.
24
Suppose 21 = -2*m + 3*k, k = m - 6*m - 44. Let x(f) = -7*f + 2. Let j be x(m). What is the greatest common divisor of j and 13?
13
Let u = 7 - 1. Calculate the greatest common divisor of u and 24.
6
Suppose -61 = -5*j + 329. What is the highest common divisor of j and 39?
39
Let u be (-60)/(-14) - (-4)/(-14). Suppose -5*d + f - 2*f - 83 = 0, -2*f = -4*d - 58. Let l = -14 - d. Calculate the highest common factor of l and u.
2
Suppose 154 - 44 = 3*r - 5*v, -2*r + 3*v = -72. What is the highest common factor of r and 10?
10
Let g = -26 - -39. Let h(f) = 15*f**3 - f**2 + f - 1. Let y be h(2). Calculate the highest common divisor of g and y.
13
Suppose 0 = 2*b + 7*b - 360. What is the greatest common factor of b and 16?
8
Let m(p) = 3*p + 2. Let z be m(6). Suppose 2*b + 0*j + j = 25, 0 = b - 2*j - z. Calculate the greatest common factor of b and 2.
2
Suppose -4*n + 3*v = -300 + 63, -4*v + 45 = n. Suppose -2*l + n + 7 = 0. What is the highest common divisor of l and 4?
4
Let i = 37 - 19. Let o(x) = -x + 13. Let y be o(8). Let b = y + 1. What is the highest common factor of b and i?
6
Let j(i) = -i**3 - 5*i**2 + 6*i + 3. Let w be j(-6). Suppose -2*v - w = -1. Let f = 0 - v. Calculate the highest common factor of f and 3.
1
Let n be ((-12)/14)/((-3)/42). Let b = 0 + 4. Calculate the highest common divisor of n and b.
4
Suppose -3*y = -5*j - 0*j - 49, 2*j = -2*y + 6. Let r be (-2)/(-4) - (-52)/y. Suppose 3*d - 165 = -18. What is the greatest common divisor of r and d?
7
Let d = -78 + 113. Calculate the highest common factor of 10 and d.
5
Let b(t) = -6*t - 8. Let v be b(-4). What is the greatest common factor of 80 and v?
16
Let w be (-141)/(-18) + (-2)/(-12). Calculate the greatest common factor of 72 and w.
8
Suppose 0*f - 3*f + 18 = 0. Let d be (50/(-4))/(1/(-14)). Suppose -3*l = b - 45, 5*b + f*l - d = l. What is the highest common factor of 3 and b?
3
Let y be (-3 + 2)*(-1 + -40) - 1. What is the highest common factor of 5 and y?
5
Suppose 72 = 7*q - 3*q. Let m(i) = i + 19. Let x be m(-9). Let h(s) = 4*s + 14. Let u be h(x). Calculate the highest common factor of q and u.
18
Let u be (4/5)/((-8)/(-40)). Let d(g) = -2*g**2 + g**3 + 4*g + 2*g**3 - 2*g**3. Let t be d(u). Calculate the greatest common divisor of 16 and t.
16
Suppose 8*v - 2*v = 90. What is the highest common factor of 45 and v?
15
Let t be 0/6 + (1 - -7). Calculate the highest common factor of 32 and t.
8
Let s be (-42 - -1)*(-6 + 5) - -3. Calculate the highest common factor of s and 132.
44
Let r = -18 - -7. Suppose 16 = -2*c + 54. Let y = r + c. Calculate the highest common divisor of y and 20.
4
Let b(s) = -3*s + 9. Let a be b(-10). What is the greatest common divisor of a and 26?
13
Let x = -1 - -11. Let a(n) = n**3 + 6*n**2 - 5. Let u be 1 + ((-16)/2 - -2). Let g be a(u). What is the greatest common divisor of x and g?
10
Let c = 27 - 18. Suppose -5*x + 149 - c = 0. What is the highest common divisor of 7 and x?
7
Suppose 441 = -0*w + w - d, 2*d = -2. What is the greatest common factor of w and 40?
40
Let t be 12 + (6 - (-10)/(-5)). What is the highest common divisor of t and 32?
16
Let y(x) = x**2 + 4*x - 114. Let t be y(9). Let d = 25 - -2. Calculate the highest common factor of t and d.
3
Suppose 4*v + 2*f - 5*f = 96, -f - 67 = -3*v. Let a = 2 - -1. Let s = 0 + a. Calculate the highest common divisor of s and v.
3
Suppose -5*k = -4*r + r - 375, -3*k + 225 = -5*r. Let b be 90*3/(-6)*-2. Suppose 0 = -2*j + 5*j - b. What is the highest common divisor of j and k?
15
Let o = 19 + 10. Calculate the highest common factor of 319 and o.
29
Let o(h) = -3*h**3 - 4*h**2 - 3*h + 3. Let q be o(-4). Calculate the highest common divisor of 13 and q.
13
Suppose -2*i - o = 2*o - 1000, 5*i = -4*o + 2514. Let b be 10/(-35) - i/(-7). What is the greatest common factor of 12 and b?
12
Let t(p) = p**3 - 6*p**2 - 8*p + 6. Let w be t(7). Let b be 6 + -6 + (148 - w). Let h = 219 - b. Calculate the highest common divisor of 14 and h.
14
Suppose -o + 3*p + 432 = o, 0 = 5*o + 4*p - 1080. Suppose -3*a + o = 3*h, 3*a + h = -0*h + 212. Calculate the highest common factor of 10 and a.
10
Let h = -12 - -15. Let v be (-1)/((-2)/(-20)*-2). Suppose f + 4*p = 3*f - 36, -v*f + 38 = h*p. Calculate the greatest common divisor of 70 and f.
10
Let q be 2 - 32/18 - (-671)/99. What is the highest common divisor of 7 and q?
7
Suppose 0 = -0*i + 6*i - 162. What is the highest common factor of i and 108?
27
Let c(i) = i**3 - 9*i**2 + 9*i + 5. Let u be c(8). Calculate the greatest common factor of 39 and u.
13
Let g(f) = -f + 1. Let n be g(-11). What is the greatest common factor of n and 12?
12
Suppose -3*g = -7*z + 2*z + 68, -3*z = -g - 44. Let j = z - 8. Let p = 0 - -20. What is the greatest common factor of p and j?
4
Suppose 0 = -4*n - 0*n + 36. Let s(y) = -y**3 + 12*y**2 + 4*y - 4. Let q be s(n). What is the greatest common factor of 25 and q?
25
Suppose 3*r + 39 = 7*u - 2*u, 0 = -4*u + 3*r + 30. What is the greatest common factor of u and 27?
9
Let l(u) = 10*u + 4. Let o be l(2). Calculate the greatest common divisor of 144 and o.
24
Let u(j) = -j**3 - 5*j**2 + 4*j - 3. Let x be u(-6). What is the highest common factor of x and 9?
9
Let q(h) = 3*h + 1. Let p be (-12)/(-54) + 43/9. Let u be q(p). Let a be -5*(u/(-10) + 1). Calculate the greatest common divisor of a and 3.
3
Let s = 4 - 1. Suppose -s*b + 4 = -5*h + 3*h, -b - 4 = 2*h. Suppose -5*a + 350 = -b*a. What is the greatest common divisor of 28 and a?
14
Let q(g) = g**3 + 9*g**2 + 6*g + 4. Let c be (2/1)/(2/(-7)). Let k be q(c). What is the greatest common divisor of k and 12?
12
Let o(v) = -v - 1. Let b be o(-2). Suppose -2*a = -x - 5 - b, 5*a = 4*x + 9. What is the greatest common divisor of 5 and a?
5
Let p = 34 - 10. Let w = -44 + 80. Calculate the highest common divisor of p and w.
12
Let d = -40 - -52. Calculate the greatest common factor of d and 48.
12
Let x = 13 - 11. What is the greatest common divisor of 14 and x?
2
Let x = 0 - -4. Let r = -4 + x. Let c = r + 98. Calculate the greatest common divisor of 14 and c.
14
Let y(l) be the second derivative of -101*l**3/6 - l**2 - 2*l. Let g be y(-2). Let z = g + -130. What is the highest common factor of z and 28?
14
Let i be 1/((-1*(0 + 2))/(-62)). Calculate the greatest common factor of i and 31.
31
Suppose 3*o + 3*c - 105 = -2*c, -3*c + 9 = 0. Calculate the highest common divisor of 70 and o.
10
Let t(n) = n + 25. Let a be t(-18). What is the highest common factor of 63 and a?
7
Suppose -4*i - 12 = -3*b + 5*b, -5*b - 20 = 0. Let l be i + (-5)/((-5)/(-4)). Let w be (-302)/l - 4/10. Calculate the highest common divisor of 15 and w.
15
Suppose 4*n - c = 7*n + 10, 20 = -3*n + 4*c. Let i(p) = -p**3 - 4*p**2 - 3*p - 5. Let o be i(n). Calculate the greatest common divisor of 28 and o.
7
Let n be 8/(-6)*5/20*-18. Calculate the highest common factor of 2 and n.
2
Let h = -170 + 241. Suppose -4*m - h = -4*b + b, -2*b = -m - 49. What is the highest common divisor of b and 25?
25
Let i(r) = 2 - r + 2 + 4. Let q be i(6). Suppose 7 = 3*d - q. Calculate the greatest common factor of 33 and d.
3
Let v(z) = -14*z**3 - 2*z**2 - 2*z + 2. Let c be v(-2). Let b be (-2)/(-4) - (-301)/14. Calculate the greatest common divisor of b and c.
22
Let h(s) = 3*s + 5*s + 2 - 4*s + 13*s**2 + 0*s**2. Let u be h(-2). What is the highest common factor of 23 and u?
23
Let b be 1 + (-4 - -5 - -14). What is the highest common factor of 2 and b?
2
Let w(h) = -9*h**2 + 4*h - 5. Let c(a) = -8*a**2 + 4*a - 4. Let u(b) = -7*c(b) + 6*w(b). Let l be u(4). What is the greatest common divisor of 21 and l?
7
Suppose -5*j - 61 = -4*m, -4*m + 5*m + 5*j = 9. Let i = 6 -